{"id":165,"date":"2016-11-28T17:44:49","date_gmt":"2016-11-28T16:44:49","guid":{"rendered":"http:\/\/www.tomolis.com\/anatomie\/?page_id=165"},"modified":"2016-11-28T17:44:49","modified_gmt":"2016-11-28T16:44:49","slug":"pierre-marie-auguste-broussonnet","status":"publish","type":"page","link":"http:\/\/www.tomolis.com\/anatomie\/index.php\/pierre-marie-auguste-broussonnet\/","title":{"rendered":"Pierre Marie Auguste BROUSSONNET"},"content":{"rendered":"<h1>1761 &#8211; 1807<\/h1>\n<h2>Continuateur de l&rsquo;oeuvre de GOUAN.<\/h2>\n<div id=\"attachment_138\" style=\"width: 229px\" class=\"wp-caption alignnone\"><img aria-describedby=\"caption-attachment-138\" loading=\"lazy\" class=\"size-medium wp-image-138\" src=\"http:\/\/www.tomolis.com\/anatomie\/wp-content\/uploads\/2016\/11\/Broussonnet-219x300.jpg\" alt=\"Pierre Marie Auguste BROUSSONNET\" width=\"219\" height=\"300\" srcset=\"http:\/\/www.tomolis.com\/anatomie\/wp-content\/uploads\/2016\/11\/Broussonnet-219x300.jpg 219w, http:\/\/www.tomolis.com\/anatomie\/wp-content\/uploads\/2016\/11\/Broussonnet.jpg 300w\" sizes=\"(max-width: 219px) 100vw, 219px\" \/><p id=\"caption-attachment-138\" class=\"wp-caption-text\">Pierre Marie Auguste BROUSSONNET<\/p><\/div>\n<p>Ayant peu publi\u00e9 d&rsquo;ouvrages, Broussonet est surtout connu pour avoir continu\u00e9 la r\u00e9novation du jardin des plantes, commenc\u00e9 par GOUAN apr\u00e8s la r\u00e9volution. Il a cr\u00e9e un canal aquatique pour les plantes, une serre temp\u00e9r\u00e9, il a fait reconstruire l&rsquo;ancienne intendance (aujourd&rsquo;hui b\u00e2timent du rectorat) et fait \u00e9riger la c\u00e9l\u00e8bre orangerie. C&rsquo;est \u00e0 Broussonet que l&rsquo;on doit l&rsquo;introduction en France du gingko et du m\u00fbrier \u00e0 papier d\u00e9nomm\u00e9 \u00a0\u00bb BROUSSONETIA PAPYRIFERA \u00ab\u00a0<\/p>\n","protected":false},"excerpt":{"rendered":"<p>1761 &#8211; 1807 Continuateur de l&rsquo;oeuvre de GOUAN. Ayant peu publi\u00e9 d&rsquo;ouvrages, Broussonet est surtout connu pour avoir continu\u00e9 la r\u00e9novation du jardin des plantes, commenc\u00e9 par GOUAN apr\u00e8s la r\u00e9volution. Il a cr\u00e9e un canal aquatique pour les plantes, une serre temp\u00e9r\u00e9, il a fait reconstruire l&rsquo;ancienne intendance (aujourd&rsquo;hui b\u00e2timent du rectorat) et fait [&hellip;]<\/p>\n","protected":false},"author":1,"featured_media":0,"parent":0,"menu_order":0,"comment_status":"closed","ping_status":"closed","template":"","meta":[],"_links":{"self":[{"href":"http:\/\/www.tomolis.com\/anatomie\/index.php\/wp-json\/wp\/v2\/pages\/165"}],"collection":[{"href":"http:\/\/www.tomolis.com\/anatomie\/index.php\/wp-json\/wp\/v2\/pages"}],"about":[{"href":"http:\/\/www.tomolis.com\/anatomie\/index.php\/wp-json\/wp\/v2\/types\/page"}],"author":[{"embeddable":true,"href":"http:\/\/www.tomolis.com\/anatomie\/index.php\/wp-json\/wp\/v2\/users\/1"}],"replies":[{"embeddable":true,"href":"http:\/\/www.tomolis.com\/anatomie\/index.php\/wp-json\/wp\/v2\/comments?post=165"}],"version-history":[{"count":1,"href":"http:\/\/www.tomolis.com\/anatomie\/index.php\/wp-json\/wp\/v2\/pages\/165\/revisions"}],"predecessor-version":[{"id":166,"href":"http:\/\/www.tomolis.com\/anatomie\/index.php\/wp-json\/wp\/v2\/pages\/165\/revisions\/166"}],"wp:attachment":[{"href":"http:\/\/www.tomolis.com\/anatomie\/index.php\/wp-json\/wp\/v2\/media?parent=165"}],"curies":[{"name":"wp","href":"https:\/\/api.w.org\/{rel}","templated":true}]}}