{"id":167,"date":"2016-11-28T17:46:53","date_gmt":"2016-11-28T16:46:53","guid":{"rendered":"http:\/\/www.tomolis.com\/anatomie\/?page_id=167"},"modified":"2016-11-28T17:46:53","modified_gmt":"2016-11-28T16:46:53","slug":"barthelemy-cabrol","status":"publish","type":"page","link":"http:\/\/www.tomolis.com\/anatomie\/index.php\/barthelemy-cabrol\/","title":{"rendered":"Barth\u00e9lemy CABROL"},"content":{"rendered":"<h1>1529 &#8211; 1603<\/h1>\n<h2>Un des premiers d\u00e9monstrateurs royaux d&rsquo;anatomie.<\/h2>\n<div id=\"attachment_139\" style=\"width: 234px\" class=\"wp-caption alignnone\"><img aria-describedby=\"caption-attachment-139\" loading=\"lazy\" class=\"size-medium wp-image-139\" src=\"http:\/\/www.tomolis.com\/anatomie\/wp-content\/uploads\/2016\/11\/Cabrol-224x300.jpg\" alt=\"Barth\u00e9lemy CABROL\" width=\"224\" height=\"300\" srcset=\"http:\/\/www.tomolis.com\/anatomie\/wp-content\/uploads\/2016\/11\/Cabrol-224x300.jpg 224w, http:\/\/www.tomolis.com\/anatomie\/wp-content\/uploads\/2016\/11\/Cabrol.jpg 300w\" sizes=\"(max-width: 224px) 100vw, 224px\" \/><p id=\"caption-attachment-139\" class=\"wp-caption-text\">Barth\u00e9lemy CABROL<\/p><\/div>\n<p>Il a transmis son exp\u00e9rience et ses observations dans un ouvrage qui eut beaucoup de suc\u00e9es et fut r\u00e9\u00e9dit\u00e9 \u00e0 plusieurs reprises, intitul\u00e9 \u00ab\u00a0Alphabet anatomique\u00a0\u00bb auquel est contenue l&rsquo;explication des parties du corps humain r\u00e9duites en table selon l&rsquo;ordre de dissection ordinaire avec l&rsquo;ost\u00e9ologie et plusieurs observations particuli\u00e8res \u00ab\u00a0<\/p>\n","protected":false},"excerpt":{"rendered":"<p>1529 &#8211; 1603 Un des premiers d\u00e9monstrateurs royaux d&rsquo;anatomie. Il a transmis son exp\u00e9rience et ses observations dans un ouvrage qui eut beaucoup de suc\u00e9es et fut r\u00e9\u00e9dit\u00e9 \u00e0 plusieurs reprises, intitul\u00e9 \u00ab\u00a0Alphabet anatomique\u00a0\u00bb auquel est contenue l&rsquo;explication des parties du corps humain r\u00e9duites en table selon l&rsquo;ordre de dissection ordinaire avec l&rsquo;ost\u00e9ologie et plusieurs [&hellip;]<\/p>\n","protected":false},"author":1,"featured_media":0,"parent":0,"menu_order":0,"comment_status":"closed","ping_status":"closed","template":"","meta":[],"_links":{"self":[{"href":"http:\/\/www.tomolis.com\/anatomie\/index.php\/wp-json\/wp\/v2\/pages\/167"}],"collection":[{"href":"http:\/\/www.tomolis.com\/anatomie\/index.php\/wp-json\/wp\/v2\/pages"}],"about":[{"href":"http:\/\/www.tomolis.com\/anatomie\/index.php\/wp-json\/wp\/v2\/types\/page"}],"author":[{"embeddable":true,"href":"http:\/\/www.tomolis.com\/anatomie\/index.php\/wp-json\/wp\/v2\/users\/1"}],"replies":[{"embeddable":true,"href":"http:\/\/www.tomolis.com\/anatomie\/index.php\/wp-json\/wp\/v2\/comments?post=167"}],"version-history":[{"count":1,"href":"http:\/\/www.tomolis.com\/anatomie\/index.php\/wp-json\/wp\/v2\/pages\/167\/revisions"}],"predecessor-version":[{"id":168,"href":"http:\/\/www.tomolis.com\/anatomie\/index.php\/wp-json\/wp\/v2\/pages\/167\/revisions\/168"}],"wp:attachment":[{"href":"http:\/\/www.tomolis.com\/anatomie\/index.php\/wp-json\/wp\/v2\/media?parent=167"}],"curies":[{"name":"wp","href":"https:\/\/api.w.org\/{rel}","templated":true}]}}