{"id":173,"date":"2016-11-28T17:54:35","date_gmt":"2016-11-28T16:54:35","guid":{"rendered":"http:\/\/www.tomolis.com\/anatomie\/?page_id=173"},"modified":"2016-11-28T18:41:35","modified_gmt":"2016-11-28T17:41:35","slug":"gui-de-chauliac","status":"publish","type":"page","link":"http:\/\/www.tomolis.com\/anatomie\/index.php\/gui-de-chauliac\/","title":{"rendered":"Gui De CHAULIAC"},"content":{"rendered":"<h1>1300 (?) &#8211; 1368<\/h1>\n<h2>Le p\u00e8re de la chirurgie.<\/h2>\n<div id=\"attachment_149\" style=\"width: 256px\" class=\"wp-caption alignnone\"><img aria-describedby=\"caption-attachment-149\" loading=\"lazy\" class=\"size-medium wp-image-149\" src=\"http:\/\/www.tomolis.com\/anatomie\/wp-content\/uploads\/2016\/11\/Guy-de-Chauliac-246x300.jpg\" alt=\"Gui De CHAULIAC\" width=\"246\" height=\"300\" srcset=\"http:\/\/www.tomolis.com\/anatomie\/wp-content\/uploads\/2016\/11\/Guy-de-Chauliac-246x300.jpg 246w, http:\/\/www.tomolis.com\/anatomie\/wp-content\/uploads\/2016\/11\/Guy-de-Chauliac.jpg 300w\" sizes=\"(max-width: 246px) 100vw, 246px\" \/><p id=\"caption-attachment-149\" class=\"wp-caption-text\">Gui De CHAULIAC<\/p><\/div>\n<p>Il fut \u00e0 la fois chamoine, m\u00e9decin, anatomiste, chirurgien habile mais aussi un adepte des \u00ab\u00a0sciences occultes\u00a0\u00bb et de l&rsquo;astrologie.<br \/>\nSa r\u00e9putation fut mondiale, car il r\u00e9digea en latin un trait\u00e9 complet de m\u00e9decine et de chirurgie qu&rsquo;on appela \u00a0\u00bb La grande chirurgie \u00a0\u00bb ou \u00a0\u00bb GUIDON \u00a0\u00bb dont Laurent JOUBERT donna en 1579 une des meilleures traductions fran\u00e7aises. Cet ouvrage a \u00e9t\u00e9 la \u00a0\u00bb bible \u00a0\u00bb qui a form\u00e9 des g\u00e9n\u00e9rations de m\u00e9decins et chirurgiens.<\/p>\n","protected":false},"excerpt":{"rendered":"<p>1300 (?) &#8211; 1368 Le p\u00e8re de la chirurgie. Il fut \u00e0 la fois chamoine, m\u00e9decin, anatomiste, chirurgien habile mais aussi un adepte des \u00ab\u00a0sciences occultes\u00a0\u00bb et de l&rsquo;astrologie. Sa r\u00e9putation fut mondiale, car il r\u00e9digea en latin un trait\u00e9 complet de m\u00e9decine et de chirurgie qu&rsquo;on appela \u00a0\u00bb La grande chirurgie \u00a0\u00bb ou \u00a0\u00bb [&hellip;]<\/p>\n","protected":false},"author":1,"featured_media":0,"parent":0,"menu_order":0,"comment_status":"closed","ping_status":"closed","template":"","meta":[],"_links":{"self":[{"href":"http:\/\/www.tomolis.com\/anatomie\/index.php\/wp-json\/wp\/v2\/pages\/173"}],"collection":[{"href":"http:\/\/www.tomolis.com\/anatomie\/index.php\/wp-json\/wp\/v2\/pages"}],"about":[{"href":"http:\/\/www.tomolis.com\/anatomie\/index.php\/wp-json\/wp\/v2\/types\/page"}],"author":[{"embeddable":true,"href":"http:\/\/www.tomolis.com\/anatomie\/index.php\/wp-json\/wp\/v2\/users\/1"}],"replies":[{"embeddable":true,"href":"http:\/\/www.tomolis.com\/anatomie\/index.php\/wp-json\/wp\/v2\/comments?post=173"}],"version-history":[{"count":3,"href":"http:\/\/www.tomolis.com\/anatomie\/index.php\/wp-json\/wp\/v2\/pages\/173\/revisions"}],"predecessor-version":[{"id":226,"href":"http:\/\/www.tomolis.com\/anatomie\/index.php\/wp-json\/wp\/v2\/pages\/173\/revisions\/226"}],"wp:attachment":[{"href":"http:\/\/www.tomolis.com\/anatomie\/index.php\/wp-json\/wp\/v2\/media?parent=173"}],"curies":[{"name":"wp","href":"https:\/\/api.w.org\/{rel}","templated":true}]}}