{"id":182,"date":"2016-11-28T18:07:06","date_gmt":"2016-11-28T17:07:06","guid":{"rendered":"http:\/\/www.tomolis.com\/anatomie\/?page_id=182"},"modified":"2016-11-28T18:07:06","modified_gmt":"2016-11-28T17:07:06","slug":"georges-guvier","status":"publish","type":"page","link":"http:\/\/www.tomolis.com\/anatomie\/index.php\/georges-guvier\/","title":{"rendered":"Georges GUVIER"},"content":{"rendered":"<h1>1769 &#8211; 1832<\/h1>\n<h2>Le cr\u00e9ateur de la pal\u00e9ontologie.<\/h2>\n<div id=\"attachment_148\" style=\"width: 234px\" class=\"wp-caption alignnone\"><img aria-describedby=\"caption-attachment-148\" loading=\"lazy\" class=\"size-medium wp-image-148\" src=\"http:\/\/www.tomolis.com\/anatomie\/wp-content\/uploads\/2016\/11\/Guvier-224x300.jpg\" alt=\"Georges GUVIER\" width=\"224\" height=\"300\" srcset=\"http:\/\/www.tomolis.com\/anatomie\/wp-content\/uploads\/2016\/11\/Guvier-224x300.jpg 224w, http:\/\/www.tomolis.com\/anatomie\/wp-content\/uploads\/2016\/11\/Guvier.jpg 300w\" sizes=\"(max-width: 224px) 100vw, 224px\" \/><p id=\"caption-attachment-148\" class=\"wp-caption-text\">Georges GUVIER<\/p><\/div>\n<p>Il a \u00e9mis deux lois : la loi de subordination des organes : un certain rapport lie entre elles toutes les modifications de l&rsquo;organisme et certains organes ont sur l&rsquo;ensemble de l&rsquo;\u00e9conomie une influence d\u00e9cisive. Deuxi\u00e8me loi : la loi de corr\u00e9lation des formes. Certains caract\u00e8res s&rsquo;appellent mutuellement, tandis que d&rsquo;autres s&rsquo;excluent n\u00e9cessairement. En appliquant ces principes, il a pu d\u00e9terminer, \u00e0 partir de quelques os us\u00e9s, des esp\u00e8ces inconnues.<\/p>\n","protected":false},"excerpt":{"rendered":"<p>1769 &#8211; 1832 Le cr\u00e9ateur de la pal\u00e9ontologie. Il a \u00e9mis deux lois : la loi de subordination des organes : un certain rapport lie entre elles toutes les modifications de l&rsquo;organisme et certains organes ont sur l&rsquo;ensemble de l&rsquo;\u00e9conomie une influence d\u00e9cisive. Deuxi\u00e8me loi : la loi de corr\u00e9lation des formes. Certains caract\u00e8res s&rsquo;appellent [&hellip;]<\/p>\n","protected":false},"author":1,"featured_media":0,"parent":0,"menu_order":0,"comment_status":"closed","ping_status":"closed","template":"","meta":[],"_links":{"self":[{"href":"http:\/\/www.tomolis.com\/anatomie\/index.php\/wp-json\/wp\/v2\/pages\/182"}],"collection":[{"href":"http:\/\/www.tomolis.com\/anatomie\/index.php\/wp-json\/wp\/v2\/pages"}],"about":[{"href":"http:\/\/www.tomolis.com\/anatomie\/index.php\/wp-json\/wp\/v2\/types\/page"}],"author":[{"embeddable":true,"href":"http:\/\/www.tomolis.com\/anatomie\/index.php\/wp-json\/wp\/v2\/users\/1"}],"replies":[{"embeddable":true,"href":"http:\/\/www.tomolis.com\/anatomie\/index.php\/wp-json\/wp\/v2\/comments?post=182"}],"version-history":[{"count":1,"href":"http:\/\/www.tomolis.com\/anatomie\/index.php\/wp-json\/wp\/v2\/pages\/182\/revisions"}],"predecessor-version":[{"id":183,"href":"http:\/\/www.tomolis.com\/anatomie\/index.php\/wp-json\/wp\/v2\/pages\/182\/revisions\/183"}],"wp:attachment":[{"href":"http:\/\/www.tomolis.com\/anatomie\/index.php\/wp-json\/wp\/v2\/media?parent=182"}],"curies":[{"name":"wp","href":"https:\/\/api.w.org\/{rel}","templated":true}]}}