{"id":194,"date":"2016-11-28T18:18:04","date_gmt":"2016-11-28T17:18:04","guid":{"rendered":"http:\/\/www.tomolis.com\/anatomie\/?page_id=194"},"modified":"2016-11-28T18:18:04","modified_gmt":"2016-11-28T17:18:04","slug":"guillaume-rondelet","status":"publish","type":"page","link":"http:\/\/www.tomolis.com\/anatomie\/index.php\/guillaume-rondelet\/","title":{"rendered":"Guillaume RONDELET"},"content":{"rendered":"<h1>1507-1566<\/h1>\n<h2>A la fois anatomiste-zoologiste, botaniste et hydrologiste.<\/h2>\n<div id=\"attachment_156\" style=\"width: 243px\" class=\"wp-caption alignnone\"><img aria-describedby=\"caption-attachment-156\" loading=\"lazy\" class=\"size-medium wp-image-156\" src=\"http:\/\/www.tomolis.com\/anatomie\/wp-content\/uploads\/2016\/11\/Rondelet-233x300.jpg\" alt=\"Guillaume RONDELET\" width=\"233\" height=\"300\" srcset=\"http:\/\/www.tomolis.com\/anatomie\/wp-content\/uploads\/2016\/11\/Rondelet-233x300.jpg 233w, http:\/\/www.tomolis.com\/anatomie\/wp-content\/uploads\/2016\/11\/Rondelet.jpg 300w\" sizes=\"(max-width: 233px) 100vw, 233px\" \/><p id=\"caption-attachment-156\" class=\"wp-caption-text\">Guillaume RONDELET<\/p><\/div>\n<p>Il aima l&rsquo;anatomie avec passion et se fit le champion des dissections (mal accept\u00e9es encore \u00e0 son \u00e9poque) qu&rsquo;il jugeait seules capables de r\u00e9v\u00e9ler avec exactitude la l\u00e9sion qui avait emport\u00e9 le malade.<br \/>\nIl fut aussi un botaniste d&rsquo;une grande \u00e9rudition : Il d\u00e9veloppa, au sein de l&rsquo;universit\u00e9 un enseignement pratique, obligeant les \u00e9tudiants \u00e0 herboriser sur le terrain, dans le jardin des plantes ou dans la garrigue montpelli\u00e9raine : Il cr\u00e9a un herbier visant \u00e0 faire conna\u00eetre parfaitement les plantes utiles en th\u00e9rapeutique.<\/p>\n","protected":false},"excerpt":{"rendered":"<p>1507-1566 A la fois anatomiste-zoologiste, botaniste et hydrologiste. Il aima l&rsquo;anatomie avec passion et se fit le champion des dissections (mal accept\u00e9es encore \u00e0 son \u00e9poque) qu&rsquo;il jugeait seules capables de r\u00e9v\u00e9ler avec exactitude la l\u00e9sion qui avait emport\u00e9 le malade. Il fut aussi un botaniste d&rsquo;une grande \u00e9rudition : Il d\u00e9veloppa, au sein de [&hellip;]<\/p>\n","protected":false},"author":1,"featured_media":0,"parent":0,"menu_order":0,"comment_status":"closed","ping_status":"closed","template":"","meta":[],"_links":{"self":[{"href":"http:\/\/www.tomolis.com\/anatomie\/index.php\/wp-json\/wp\/v2\/pages\/194"}],"collection":[{"href":"http:\/\/www.tomolis.com\/anatomie\/index.php\/wp-json\/wp\/v2\/pages"}],"about":[{"href":"http:\/\/www.tomolis.com\/anatomie\/index.php\/wp-json\/wp\/v2\/types\/page"}],"author":[{"embeddable":true,"href":"http:\/\/www.tomolis.com\/anatomie\/index.php\/wp-json\/wp\/v2\/users\/1"}],"replies":[{"embeddable":true,"href":"http:\/\/www.tomolis.com\/anatomie\/index.php\/wp-json\/wp\/v2\/comments?post=194"}],"version-history":[{"count":1,"href":"http:\/\/www.tomolis.com\/anatomie\/index.php\/wp-json\/wp\/v2\/pages\/194\/revisions"}],"predecessor-version":[{"id":195,"href":"http:\/\/www.tomolis.com\/anatomie\/index.php\/wp-json\/wp\/v2\/pages\/194\/revisions\/195"}],"wp:attachment":[{"href":"http:\/\/www.tomolis.com\/anatomie\/index.php\/wp-json\/wp\/v2\/media?parent=194"}],"curies":[{"name":"wp","href":"https:\/\/api.w.org\/{rel}","templated":true}]}}