{"id":198,"date":"2016-11-28T18:20:28","date_gmt":"2016-11-28T17:20:28","guid":{"rendered":"http:\/\/www.tomolis.com\/anatomie\/?page_id=198"},"modified":"2016-11-28T18:20:28","modified_gmt":"2016-11-28T17:20:28","slug":"raymond-vieussens","status":"publish","type":"page","link":"http:\/\/www.tomolis.com\/anatomie\/index.php\/raymond-vieussens\/","title":{"rendered":"Raymond VIEUSSENS"},"content":{"rendered":"<h1>1635 &#8211; 1715<\/h1>\n<h2>A la fois cliniciens, anatomiste, physiologiste et chimiste.<\/h2>\n<div id=\"attachment_158\" style=\"width: 240px\" class=\"wp-caption alignnone\"><img aria-describedby=\"caption-attachment-158\" loading=\"lazy\" class=\"size-medium wp-image-158\" src=\"http:\/\/www.tomolis.com\/anatomie\/wp-content\/uploads\/2016\/11\/Vieussens-230x300.jpg\" alt=\"Raymond VIEUSSENS\" width=\"230\" height=\"300\" srcset=\"http:\/\/www.tomolis.com\/anatomie\/wp-content\/uploads\/2016\/11\/Vieussens-230x300.jpg 230w, http:\/\/www.tomolis.com\/anatomie\/wp-content\/uploads\/2016\/11\/Vieussens.jpg 300w\" sizes=\"(max-width: 230px) 100vw, 230px\" \/><p id=\"caption-attachment-158\" class=\"wp-caption-text\">Raymond VIEUSSENS<\/p><\/div>\n<p>L&rsquo;\u0153uvre de vieussens est consid\u00e9rable. Il faut dire que son poste de m\u00e9decin hospitalier lui a permis d&rsquo;avoir \u00e0 sa disposition un mat\u00e9riel humain consid\u00e9rable gr\u00e2ce auquel il a pu faire des d\u00e9couvertes capitales. Il aurait ainsi r\u00e9alis\u00e9 plus de 560 autopsies ! Ses d\u00e9couvertes concernent la chimie (nouvelle science essayant d&rsquo;expliquer le fonctionnement de l&rsquo;organisme), l&rsquo;anatomie (il distingue le premier dans le cerveau la substance blanche de la substance grise, d\u00e9crit le centre ovale), les structures du c\u0153ur (anneau de vieussens)<\/p>\n","protected":false},"excerpt":{"rendered":"<p>1635 &#8211; 1715 A la fois cliniciens, anatomiste, physiologiste et chimiste. L&rsquo;\u0153uvre de vieussens est consid\u00e9rable. Il faut dire que son poste de m\u00e9decin hospitalier lui a permis d&rsquo;avoir \u00e0 sa disposition un mat\u00e9riel humain consid\u00e9rable gr\u00e2ce auquel il a pu faire des d\u00e9couvertes capitales. Il aurait ainsi r\u00e9alis\u00e9 plus de 560 autopsies ! Ses [&hellip;]<\/p>\n","protected":false},"author":1,"featured_media":0,"parent":0,"menu_order":0,"comment_status":"closed","ping_status":"closed","template":"","meta":[],"_links":{"self":[{"href":"http:\/\/www.tomolis.com\/anatomie\/index.php\/wp-json\/wp\/v2\/pages\/198"}],"collection":[{"href":"http:\/\/www.tomolis.com\/anatomie\/index.php\/wp-json\/wp\/v2\/pages"}],"about":[{"href":"http:\/\/www.tomolis.com\/anatomie\/index.php\/wp-json\/wp\/v2\/types\/page"}],"author":[{"embeddable":true,"href":"http:\/\/www.tomolis.com\/anatomie\/index.php\/wp-json\/wp\/v2\/users\/1"}],"replies":[{"embeddable":true,"href":"http:\/\/www.tomolis.com\/anatomie\/index.php\/wp-json\/wp\/v2\/comments?post=198"}],"version-history":[{"count":1,"href":"http:\/\/www.tomolis.com\/anatomie\/index.php\/wp-json\/wp\/v2\/pages\/198\/revisions"}],"predecessor-version":[{"id":199,"href":"http:\/\/www.tomolis.com\/anatomie\/index.php\/wp-json\/wp\/v2\/pages\/198\/revisions\/199"}],"wp:attachment":[{"href":"http:\/\/www.tomolis.com\/anatomie\/index.php\/wp-json\/wp\/v2\/media?parent=198"}],"curies":[{"name":"wp","href":"https:\/\/api.w.org\/{rel}","templated":true}]}}