{"id":506,"date":"2016-12-01T00:12:07","date_gmt":"2016-11-30T23:12:07","guid":{"rendered":"http:\/\/www.tomolis.com\/anatomie\/?page_id=506"},"modified":"2016-12-01T00:12:07","modified_gmt":"2016-11-30T23:12:07","slug":"1re-periode-les-pionniers-1315-1800","status":"publish","type":"page","link":"http:\/\/www.tomolis.com\/anatomie\/index.php\/1re-periode-les-pionniers-1315-1800\/","title":{"rendered":"1re p\u00e9riode : les pionniers (1315-1800)"},"content":{"rendered":"<p>L&rsquo;anatomie m\u00e9rite une mention sp\u00e9ciale dans l&rsquo;histoire de notre \u00c9cole car elle y a \u00e9t\u00e9 en honneur tr\u00e8s pr\u00e9cocement. Cette science fondamentale a permis \u00e0 la m\u00e9decine de quitter les voix obscures de l&#8217;empirisme pour devenir un art rationnel. Dans l&rsquo;\u00c9cole de Montpellier, au d\u00e9but de son existence, les plus illustres de ses m\u00e9decins furent des Arabes et des Juifs venus d&rsquo;Espagne. On se contentait de commenter les ouvrages des m\u00e9decins arabes, qui n&rsquo;avaient jamais fait d&rsquo;anatomie, parce que leur religion leur d\u00e9fendait tout contact avec les cadavres. L&rsquo;enseignement de l&rsquo;anatomie a \u00e9t\u00e9 de toutes les sciences fondamentales celle qui a n\u00e9cessit\u00e9 la plus grande ing\u00e9niosit\u00e9 pour faire face \u00e0 toutes les interrogations en raison des interdits vis-\u00e0-vis de dissections de cadavres.<\/p>\n<p>Cette discipline, si particuli\u00e8re a beaucoup souffert des mythes, superstitions, croyances populaires et religieuses qui ont jet\u00e9 pendant des mill\u00e9naires, l&rsquo;interdit sur la dissection : \u00ab\u00a0le corps humain est intouchable et sacr\u00e9 si l&rsquo;homme \u00e0 sa mort veut ressusciter ou gagner le monde qui lui est promis, il doit conserver une enveloppe charnelle intacte\u00a0\u00bb. Face \u00e0 ce dict\u00e2t, venu du fond des \u00e2ges et maintenu par les religions, le m\u00e9decin fut dans l&rsquo;obligation, pour le contourner, de se r\u00e9fugier dans la dissection animale et \u00e9mettre des opinions erron\u00e9es, transmises et r\u00e9p\u00e9t\u00e9es durant des si\u00e8cles.<\/p>\n<p>Dans son ouvrage \u00ab\u00a0De Humani Corporis Fabrica Libri Septum\u00a0\u00bb bas\u00e9 sur l&rsquo;observation humaine Andr\u00e9 Vesale, c\u00e9l\u00e8bre Professeur de Padoue, ancien \u00e9tudiant de Montpellier qui donna \u00e0 l&rsquo;Anatomie ses lettres de noblesse affirma que l&rsquo;anatomie de l&rsquo;homme ne pouvait se construire qu&rsquo;\u00e0 partir de la dissection minutieuse de son corps et non de celui des animaux.<\/p>\n","protected":false},"excerpt":{"rendered":"<p>L&rsquo;anatomie m\u00e9rite une mention sp\u00e9ciale dans l&rsquo;histoire de notre \u00c9cole car elle y a \u00e9t\u00e9 en honneur tr\u00e8s pr\u00e9cocement. Cette science fondamentale a permis \u00e0 la m\u00e9decine de quitter les voix obscures de l&#8217;empirisme pour devenir un art rationnel. Dans l&rsquo;\u00c9cole de Montpellier, au d\u00e9but de son existence, les plus illustres de ses m\u00e9decins furent [&hellip;]<\/p>\n","protected":false},"author":1,"featured_media":0,"parent":0,"menu_order":0,"comment_status":"closed","ping_status":"closed","template":"","meta":[],"_links":{"self":[{"href":"http:\/\/www.tomolis.com\/anatomie\/index.php\/wp-json\/wp\/v2\/pages\/506"}],"collection":[{"href":"http:\/\/www.tomolis.com\/anatomie\/index.php\/wp-json\/wp\/v2\/pages"}],"about":[{"href":"http:\/\/www.tomolis.com\/anatomie\/index.php\/wp-json\/wp\/v2\/types\/page"}],"author":[{"embeddable":true,"href":"http:\/\/www.tomolis.com\/anatomie\/index.php\/wp-json\/wp\/v2\/users\/1"}],"replies":[{"embeddable":true,"href":"http:\/\/www.tomolis.com\/anatomie\/index.php\/wp-json\/wp\/v2\/comments?post=506"}],"version-history":[{"count":1,"href":"http:\/\/www.tomolis.com\/anatomie\/index.php\/wp-json\/wp\/v2\/pages\/506\/revisions"}],"predecessor-version":[{"id":507,"href":"http:\/\/www.tomolis.com\/anatomie\/index.php\/wp-json\/wp\/v2\/pages\/506\/revisions\/507"}],"wp:attachment":[{"href":"http:\/\/www.tomolis.com\/anatomie\/index.php\/wp-json\/wp\/v2\/media?parent=506"}],"curies":[{"name":"wp","href":"https:\/\/api.w.org\/{rel}","templated":true}]}}