{"id":525,"date":"2016-12-01T00:38:55","date_gmt":"2016-11-30T23:38:55","guid":{"rendered":"http:\/\/www.tomolis.com\/anatomie\/?page_id=525"},"modified":"2016-12-01T00:38:55","modified_gmt":"2016-11-30T23:38:55","slug":"les-successeurs-aux-richer-de-belleval","status":"publish","type":"page","link":"http:\/\/www.tomolis.com\/anatomie\/index.php\/les-successeurs-aux-richer-de-belleval\/","title":{"rendered":"Les successeurs aux Richer de Belleval"},"content":{"rendered":"<p>Quoique Pierre Richer de Belleval (1564-1632) ait assez mal rempli ses fonctions, et malgr\u00e9 les d\u00e9m\u00eal\u00e9s qu&rsquo;il avait eus avec ses coll\u00e8gues, il obtint du roi Henri IV des lettres patentes qui lui permettaient de se choisir un successeur : il c\u00e9da sa charge \u00e0 Martin Richer de Belleval. Nous assistons \u00e0 un abus qui \u00e9tait la violation flagrante de l&rsquo;\u00e9dit de 1498, d&rsquo;apr\u00e8s lequel les places vacantes devaient \u00eatre donn\u00e9es au concours, et cet abus, qui devient dans la suite \u00eatre la r\u00e8gle, eu les cons\u00e9quences les plus funestes pour l&rsquo;enseignement. On voit dans l&rsquo;histoire de l&rsquo;\u00e9cole des faits invraisemblables : le titulaire de la chaire vendait sa charge \u00e0 beaux deniers ou la c\u00e9dait \u00e0 son fils, \u00e0 un parent ; il arrivait qu&rsquo;un enfant en bas \u00e2ge \u00e9tait titulaire d&rsquo;une chaire, dont il prenait possession au moment de sa majorit\u00e9. La chaire d&rsquo;Anatomie et de Botanique nous fournit un exemple remarquable de la fa\u00e7on dont ces charges se transmettaient.<\/p>\n<p>Martin Richer de Belleval (1623-1664) fut d&rsquo;humeur plus pacifique que son oncle, les d\u00e9monstrations anatomiques ne l&rsquo;attiraient pas davantage. Apr\u00e8s lui la chaire d&rsquo;Anatomie et de Botanique passe dans une famille qui la d\u00e9tient pendant pr\u00e8s d&rsquo;un si\u00e8cle (de 1664 \u00e0 1759) sans qu&rsquo;aucun des titulaires ait rien produit de saillant en anatomie. C&rsquo;est la famille des Chicoyneau, on a pu dire, avec raison, la dynastie des Chicoyneau.<\/p>\n","protected":false},"excerpt":{"rendered":"<p>Quoique Pierre Richer de Belleval (1564-1632) ait assez mal rempli ses fonctions, et malgr\u00e9 les d\u00e9m\u00eal\u00e9s qu&rsquo;il avait eus avec ses coll\u00e8gues, il obtint du roi Henri IV des lettres patentes qui lui permettaient de se choisir un successeur : il c\u00e9da sa charge \u00e0 Martin Richer de Belleval. Nous assistons \u00e0 un abus qui [&hellip;]<\/p>\n","protected":false},"author":1,"featured_media":0,"parent":0,"menu_order":0,"comment_status":"closed","ping_status":"closed","template":"","meta":[],"_links":{"self":[{"href":"http:\/\/www.tomolis.com\/anatomie\/index.php\/wp-json\/wp\/v2\/pages\/525"}],"collection":[{"href":"http:\/\/www.tomolis.com\/anatomie\/index.php\/wp-json\/wp\/v2\/pages"}],"about":[{"href":"http:\/\/www.tomolis.com\/anatomie\/index.php\/wp-json\/wp\/v2\/types\/page"}],"author":[{"embeddable":true,"href":"http:\/\/www.tomolis.com\/anatomie\/index.php\/wp-json\/wp\/v2\/users\/1"}],"replies":[{"embeddable":true,"href":"http:\/\/www.tomolis.com\/anatomie\/index.php\/wp-json\/wp\/v2\/comments?post=525"}],"version-history":[{"count":1,"href":"http:\/\/www.tomolis.com\/anatomie\/index.php\/wp-json\/wp\/v2\/pages\/525\/revisions"}],"predecessor-version":[{"id":526,"href":"http:\/\/www.tomolis.com\/anatomie\/index.php\/wp-json\/wp\/v2\/pages\/525\/revisions\/526"}],"wp:attachment":[{"href":"http:\/\/www.tomolis.com\/anatomie\/index.php\/wp-json\/wp\/v2\/media?parent=525"}],"curies":[{"name":"wp","href":"https:\/\/api.w.org\/{rel}","templated":true}]}}