{"id":565,"date":"2016-12-01T01:21:31","date_gmt":"2016-12-01T00:21:31","guid":{"rendered":"http:\/\/www.tomolis.com\/anatomie\/?page_id=565"},"modified":"2016-12-01T01:21:31","modified_gmt":"2016-12-01T00:21:31","slug":"justin-benoit","status":"publish","type":"page","link":"http:\/\/www.tomolis.com\/anatomie\/index.php\/justin-benoit\/","title":{"rendered":"Justin Benoit"},"content":{"rendered":"<p>Justin Benoit fit ses \u00e9tudes m\u00e9dicales \u00e0 Montpellier, devint interne des h\u00f4pitaux, puis agr\u00e9g\u00e9 dans la section de chirurgie, le 27 juillet 1844 ; conservateur des collections en 1850.<br \/>\nA la mort de Dubrueil, en 1852, quand la chaire d&rsquo;Anatomie fut d\u00e9clar\u00e9e vacante, (le concours venait d&rsquo;\u00eatre supprim\u00e9) quatorze candidats s&rsquo;inscrivirent pour cette chaire, parmi lesquels : Batigne, Beno\u00eet, Bourdel, Chrestien, Courty, Lacauchie, Quissac et le professeur Rigaud (de Strasbourg). Beno\u00eet fut propos\u00e9 en premi\u00e8re ligne professeur d&rsquo;anatomie le 15 juin 1853, Lacauchie en deuxi\u00e8me.<\/p>\n<p>Il se produisit un fait singulier. La pr\u00e9sentation de Beno\u00eet venait \u00e0 peine d&rsquo;\u00eatre faite par la Facult\u00e9 que la chaire de Pathologie interne devint vacante ; Beno\u00eet fut encore candidat avec la plupart de ceux qu&rsquo;il avait eus pour concurrents \u00e0 la chaire d&rsquo;Anatomie, et, de nouveau, il fut pr\u00e9sent\u00e9 en premi\u00e8re ligne, Anglada en seconde ligne. Le gouvernement nomma Benoit professeur d&rsquo;anatomie. Anglada professeur de pathologie interne.<\/p>\n<p>On s&rsquo;explique ais\u00e9ment cette inscription de quatorze candidats pour la chaire d&rsquo;Anatomie. A cette \u00e9poque, quand on \u00e9tait entr\u00e9 dans la voie des concours, on se pr\u00e9sentait \u00e0 toutes les chaires vacantes.<\/p>\n<p>Comment, d\u00e9s lors, s&rsquo;\u00e9tonner en voyant quatorze candidats inscrits pour la chaire d&rsquo;Anatomie ? Un anatomiste pur n&rsquo;aurait eu aucune chance de succ\u00e8s ; on l&rsquo;aurait accueilli avec m\u00e9fiance et presque comme un danger : quel respect aurait-il eu pour le principe vital, dont Benoit parle avec une foi si ardente, \u00a0\u00bb ce principe ind\u00e9termin\u00e9, qui met en jeu les rouages organiques, donne l&rsquo;impulsion \u00e0 la mati\u00e8re, qui, en un mot, nous fait vivre ? \u00a0\u00bb Benoit le savait fort bien, et en 1852, quand il fut charg\u00e9 du cours d&rsquo;anatomie en attendant la vacance de la chaire, il consacra sa premi\u00e8re le\u00e7on \u00e0 exposer \u00a0\u00bb les principes qui doivent diriger dans l&rsquo;\u00e9tude et l&rsquo;enseignement de l&rsquo;anatomie humaine \u00ab\u00a0. C&rsquo;\u00e9tait un vrai programme de candidat. A la lumi\u00e8re de quelques passages : \u00a0\u00bb L&rsquo;anatomie humaine peut aujourd&rsquo;hui \u00eatre consid\u00e9r\u00e9e comme constitu\u00e9e. Elle a sans doute des progr\u00e8s \u00e0 accomplir, car c&rsquo;est une loi \u00e0 laquelle aucune science ne peut se soustraire ; mais il nous est permis de dire, dans une enceinte m\u00e9dicale, qu&rsquo;il faut plut\u00f4t rechercher maintenant le moyen de profiter de ses acquisitions que courir apr\u00e8s de nouvelles d\u00e9couvertes. \u00a0\u00bb Et plus loin \u00a0\u00bb \u00e0 cette mani\u00e8re d&rsquo;envisager la science que je suis charg\u00e9 de vous enseigner je vous offre pour garantie la concordance de nos doctrines avec celles des ma\u00eetres exemples de pr\u00e9vention qui ont observ\u00e9 l&rsquo;homme sous toutes ses faces, et n&rsquo;ont donn\u00e9 une pr\u00e9pond\u00e9rance exclusive \u00e0 aucune des \u00e9tudes particuli\u00e8res dont il peut \u00eatre l&rsquo;objet. \u00a0\u00bb<\/p>\n<p>C&rsquo;\u00e9tait un chirurgien distingu\u00e9 que les circonstances avaient conduit dans la chaire d&rsquo;Anatomie, sans le transformer pour cela en anatomiste. Il aurait certainement fait tr\u00e8s bonne figure \u00e0 la clinique chirurgicale, qu&rsquo;il avait disput\u00e9e \u00e0 Alqui\u00e9 en 1850, dans un brillant concours, qu&rsquo;il essaya encore d&rsquo;obtenir par permutation, en 1865, quand Courty passa de la m\u00e9decine op\u00e9ratoire \u00e0 la clinique chirurgicale. Il exposa toujours l&rsquo;anatomie en chirurgien. Il excellait \u00e0 mettre en vive lumi\u00e8re un point particuli\u00e8rement utile au m\u00e9decin, \u00e0 caract\u00e9riser un organe en quelques phrases typiques, mais il n&rsquo;\u00e9tait point fait pour les descriptions minutieuses et pr\u00e9cises. Dou\u00e9 d&rsquo;une intelligence alerte, chaque le\u00e7on \u00e9tait pour lui une sorte d&rsquo;improvisation, o\u00f9 il donnait un libre cours \u00e0 son talent oratoire, qui \u00e9tait remarquable. Toujours debout et en mouvement derri\u00e8re sa chaire, la voix sonore et le geste large, il se lan\u00e7ait dans des p\u00e9riodes retentissantes, longues quelquefois dont il sortait toujours sans encombre.<br \/>\nBeno\u00eet fut doyen de 1880 \u00e0 1885 et profita de cette situation pour apporter de nombreuses am\u00e9liorations dans les locaux d\u00e9pendants de la chaire d&rsquo;Anatomie. Mis \u00e0 la retraite en 1886, il mourut le 6 novembre 1893. M. Paulet lui a succ\u00e9d\u00e9 le 1er novembre 1888.<\/p>\n","protected":false},"excerpt":{"rendered":"<p>Justin Benoit fit ses \u00e9tudes m\u00e9dicales \u00e0 Montpellier, devint interne des h\u00f4pitaux, puis agr\u00e9g\u00e9 dans la section de chirurgie, le 27 juillet 1844 ; conservateur des collections en 1850. A la mort de Dubrueil, en 1852, quand la chaire d&rsquo;Anatomie fut d\u00e9clar\u00e9e vacante, (le concours venait d&rsquo;\u00eatre supprim\u00e9) quatorze candidats s&rsquo;inscrivirent pour cette chaire, parmi [&hellip;]<\/p>\n","protected":false},"author":1,"featured_media":0,"parent":0,"menu_order":0,"comment_status":"closed","ping_status":"closed","template":"","meta":[],"_links":{"self":[{"href":"http:\/\/www.tomolis.com\/anatomie\/index.php\/wp-json\/wp\/v2\/pages\/565"}],"collection":[{"href":"http:\/\/www.tomolis.com\/anatomie\/index.php\/wp-json\/wp\/v2\/pages"}],"about":[{"href":"http:\/\/www.tomolis.com\/anatomie\/index.php\/wp-json\/wp\/v2\/types\/page"}],"author":[{"embeddable":true,"href":"http:\/\/www.tomolis.com\/anatomie\/index.php\/wp-json\/wp\/v2\/users\/1"}],"replies":[{"embeddable":true,"href":"http:\/\/www.tomolis.com\/anatomie\/index.php\/wp-json\/wp\/v2\/comments?post=565"}],"version-history":[{"count":1,"href":"http:\/\/www.tomolis.com\/anatomie\/index.php\/wp-json\/wp\/v2\/pages\/565\/revisions"}],"predecessor-version":[{"id":566,"href":"http:\/\/www.tomolis.com\/anatomie\/index.php\/wp-json\/wp\/v2\/pages\/565\/revisions\/566"}],"wp:attachment":[{"href":"http:\/\/www.tomolis.com\/anatomie\/index.php\/wp-json\/wp\/v2\/media?parent=565"}],"curies":[{"name":"wp","href":"https:\/\/api.w.org\/{rel}","templated":true}]}}

<p>Justin Benoit fit ses études médicales à Montpellier, devint interne des hôpitaux, puis agrégé dans la section de chirurgie, le 27 juillet 1844 ; conservateur des collections en 1850.<br />
A la mort de Dubrueil, en 1852, quand la chaire d&rsquo;Anatomie fut déclarée vacante, (le concours venait d&rsquo;être supprimé) quatorze candidats s&rsquo;inscrivirent pour cette chaire, parmi lesquels : Batigne, Benoît, Bourdel, Chrestien, Courty, Lacauchie, Quissac et le professeur Rigaud (de Strasbourg). Benoît fut proposé en première ligne professeur d&rsquo;anatomie le 15 juin 1853, Lacauchie en deuxième.</p>
<p>Il se produisit un fait singulier. La présentation de Benoît venait à peine d&rsquo;être faite par la Faculté que la chaire de Pathologie interne devint vacante ; Benoît fut encore candidat avec la plupart de ceux qu&rsquo;il avait eus pour concurrents à la chaire d&rsquo;Anatomie, et, de nouveau, il fut présenté en première ligne, Anglada en seconde ligne. Le gouvernement nomma Benoit professeur d&rsquo;anatomie. Anglada professeur de pathologie interne.</p>
<p>On s&rsquo;explique aisément cette inscription de quatorze candidats pour la chaire d&rsquo;Anatomie. A cette époque, quand on était entré dans la voie des concours, on se présentait à toutes les chaires vacantes.</p>
<p>Comment, dés lors, s&rsquo;étonner en voyant quatorze candidats inscrits pour la chaire d&rsquo;Anatomie ? Un anatomiste pur n&rsquo;aurait eu aucune chance de succès ; on l&rsquo;aurait accueilli avec méfiance et presque comme un danger : quel respect aurait-il eu pour le principe vital, dont Benoit parle avec une foi si ardente,  » ce principe indéterminé, qui met en jeu les rouages organiques, donne l&rsquo;impulsion à la matière, qui, en un mot, nous fait vivre ?  » Benoit le savait fort bien, et en 1852, quand il fut chargé du cours d&rsquo;anatomie en attendant la vacance de la chaire, il consacra sa première leçon à exposer  » les principes qui doivent diriger dans l&rsquo;étude et l&rsquo;enseignement de l&rsquo;anatomie humaine « . C&rsquo;était un vrai programme de candidat. A la lumière de quelques passages :  » L&rsquo;anatomie humaine peut aujourd&rsquo;hui être considérée comme constituée. Elle a sans doute des progrès à accomplir, car c&rsquo;est une loi à laquelle aucune science ne peut se soustraire ; mais il nous est permis de dire, dans une enceinte médicale, qu&rsquo;il faut plutôt rechercher maintenant le moyen de profiter de ses acquisitions que courir après de nouvelles découvertes.  » Et plus loin  » à cette manière d&rsquo;envisager la science que je suis chargé de vous enseigner je vous offre pour garantie la concordance de nos doctrines avec celles des maîtres exemples de prévention qui ont observé l&rsquo;homme sous toutes ses faces, et n&rsquo;ont donné une prépondérance exclusive à aucune des études particulières dont il peut être l&rsquo;objet.  »</p>
<p>C&rsquo;était un chirurgien distingué que les circonstances avaient conduit dans la chaire d&rsquo;Anatomie, sans le transformer pour cela en anatomiste. Il aurait certainement fait très bonne figure à la clinique chirurgicale, qu&rsquo;il avait disputée à Alquié en 1850, dans un brillant concours, qu&rsquo;il essaya encore d&rsquo;obtenir par permutation, en 1865, quand Courty passa de la médecine opératoire à la clinique chirurgicale. Il exposa toujours l&rsquo;anatomie en chirurgien. Il excellait à mettre en vive lumière un point particulièrement utile au médecin, à caractériser un organe en quelques phrases typiques, mais il n&rsquo;était point fait pour les descriptions minutieuses et précises. Doué d&rsquo;une intelligence alerte, chaque leçon était pour lui une sorte d&rsquo;improvisation, où il donnait un libre cours à son talent oratoire, qui était remarquable. Toujours debout et en mouvement derrière sa chaire, la voix sonore et le geste large, il se lançait dans des périodes retentissantes, longues quelquefois dont il sortait toujours sans encombre.<br />
Benoît fut doyen de 1880 à 1885 et profita de cette situation pour apporter de nombreuses améliorations dans les locaux dépendants de la chaire d&rsquo;Anatomie. Mis à la retraite en 1886, il mourut le 6 novembre 1893. M. Paulet lui a succédé le 1er novembre 1888.</p>

<p>Justin Benoit fit ses études médicales à Montpellier, devint interne des hôpitaux, puis agrégé dans la section de chirurgie, le 27 juillet 1844 ; conservateur des collections en 1850. A la mort de Dubrueil, en 1852, quand la chaire d&rsquo;Anatomie fut déclarée vacante, (le concours venait d&rsquo;être supprimé) quatorze candidats s&rsquo;inscrivirent pour cette chaire, parmi [&hellip;]</p>
