{"id":567,"date":"2016-12-01T01:22:17","date_gmt":"2016-12-01T00:22:17","guid":{"rendered":"http:\/\/www.tomolis.com\/anatomie\/?page_id=567"},"modified":"2016-12-01T01:22:17","modified_gmt":"2016-12-01T00:22:17","slug":"construction-dun-pavillon-anatomique-1868","status":"publish","type":"page","link":"http:\/\/www.tomolis.com\/anatomie\/index.php\/construction-dun-pavillon-anatomique-1868\/","title":{"rendered":"Construction d&rsquo;un pavillon anatomique (1868)"},"content":{"rendered":"<p>Les conditions de dissection \u00e9taient pr\u00e9caires et un effort sp\u00e9cifique a \u00e9t\u00e9 jug\u00e9 n\u00e9cessaire par les responsables administratifs.<br \/>\nDurant cette p\u00e9riode Etienne \u2013 Fr\u00e9d\u00e9ric Bouisson (1813-1884) dressera un tr\u00e8s beau tableau des progr\u00e8s de l&rsquo;anatomie \u00e0 Montpellier (1836) et dotera en 1868, la Facult\u00e9 d&rsquo;un pavillon anatomique digne de sa r\u00e9putation, et un chirurgien Alqui\u00e9 recommandera l&rsquo;\u00e9tude de l&rsquo;anatomie (1845-46 et 1849-50).<\/p>\n<p>Le succ\u00e8s de l&rsquo;\u00e9cole pratique fut grand et il ne se d\u00e9partit pas tout au long du XIX si\u00e8cle. En 1868 leur nombre a notablement augment\u00e9, trente, malgr\u00e9 la grande difficult\u00e9 toujours \u00e0 se procurer des cadavres. On du faire appel aux prisons de Montpellier, de N\u00eemes et d&rsquo;Aniane, aux d\u00e9tenus du Fort Brescou et m\u00eame aux bagnards de Toulon. Il faudra encore faire appel aux h\u00f4pitaux environnants tant en Languedoc qu&rsquo;en Provence.<\/p>\n<p>Cet enseignement pratique demandait \u00e0 ce que l&rsquo;\u00e9cole dispos\u00e2t de locaux appropri\u00e9s et suffisamment \u00e9clair\u00e9s. C&rsquo;est au rez-de-chauss\u00e9e du b\u00e2timent de fa\u00e7ade qu&rsquo;on am\u00e9nagea une premi\u00e8re salle qui \u00e9tait autrefois la sacristie de la cath\u00e9drale. Elle en avait \u00e9t\u00e9 s\u00e9par\u00e9e par la construction d&rsquo;un mur. Toutefois, cette sacristie commandait l&rsquo;acc\u00e8s \u00e0 la galerie claustrale qui, de ce fait avait \u00e9t\u00e9 aussi incorpor\u00e9e dans le domaine de l&rsquo;anatomie. Alors que la pr\u00e9paration des le\u00e7ons se faisait dans la sacristie, les dissections des \u00e9l\u00e8ves furent am\u00e9nag\u00e9es dans le clo\u00eetre, ce qui d\u00e9cha\u00eena de tr\u00e8s vives protestations de la part du chapitre de la cath\u00e9drale qui ne cessera de r\u00e9clamer v\u00e9h\u00e9mentement la restitution de tous ces locaux, cependant l&rsquo;impossibilit\u00e9 d&rsquo;en trouver d&rsquo;autres dans le cadre m\u00eame de l&rsquo;\u00e9cole, fera ajourner toute d\u00e9cision pendant longtemps.<\/p>\n<p>Finalement, la solution sera trouv\u00e9e par Bouisson qui obtiendra que l&rsquo;\u00e9cole s&rsquo;agrandisse le long du boulevard Henri IV au d\u00e9triment de vieilles maisons qui s&rsquo;\u00e9tendaient jusqu&rsquo;\u00e0 la tour des pins. Il obtint de la ville les sommes n\u00e9cessaires et entreprit aussit\u00f4t apr\u00e8s la construction d&rsquo;un magnifique pavillon anatomique. Cette r\u00e9alisation vit le jour en 1868, c&rsquo;est-\u00e0-dire bien apr\u00e8s la construction de l&rsquo;aile nouvelle longeant ce m\u00eame boulevard et dont le pavillon anatomique sera le prolongement. Avec Bouisson ce sont tous les \u00e9tudiants de 150 \u00e0 180 qui seront d\u00e9sormais admis aux dissections anatomiques. Ce pavillon anatomique devait dispara\u00eetre sous le d\u00e9canat de Gaston GIRAUD, remplac\u00e9 par une plus imposante construction qui, en plus de l&rsquo;anatomie, accueillera une partie de l&rsquo;histologie.<\/p>\n","protected":false},"excerpt":{"rendered":"<p>Les conditions de dissection \u00e9taient pr\u00e9caires et un effort sp\u00e9cifique a \u00e9t\u00e9 jug\u00e9 n\u00e9cessaire par les responsables administratifs. Durant cette p\u00e9riode Etienne \u2013 Fr\u00e9d\u00e9ric Bouisson (1813-1884) dressera un tr\u00e8s beau tableau des progr\u00e8s de l&rsquo;anatomie \u00e0 Montpellier (1836) et dotera en 1868, la Facult\u00e9 d&rsquo;un pavillon anatomique digne de sa r\u00e9putation, et un chirurgien Alqui\u00e9 [&hellip;]<\/p>\n","protected":false},"author":1,"featured_media":0,"parent":0,"menu_order":0,"comment_status":"closed","ping_status":"closed","template":"","meta":[],"_links":{"self":[{"href":"http:\/\/www.tomolis.com\/anatomie\/index.php\/wp-json\/wp\/v2\/pages\/567"}],"collection":[{"href":"http:\/\/www.tomolis.com\/anatomie\/index.php\/wp-json\/wp\/v2\/pages"}],"about":[{"href":"http:\/\/www.tomolis.com\/anatomie\/index.php\/wp-json\/wp\/v2\/types\/page"}],"author":[{"embeddable":true,"href":"http:\/\/www.tomolis.com\/anatomie\/index.php\/wp-json\/wp\/v2\/users\/1"}],"replies":[{"embeddable":true,"href":"http:\/\/www.tomolis.com\/anatomie\/index.php\/wp-json\/wp\/v2\/comments?post=567"}],"version-history":[{"count":1,"href":"http:\/\/www.tomolis.com\/anatomie\/index.php\/wp-json\/wp\/v2\/pages\/567\/revisions"}],"predecessor-version":[{"id":568,"href":"http:\/\/www.tomolis.com\/anatomie\/index.php\/wp-json\/wp\/v2\/pages\/567\/revisions\/568"}],"wp:attachment":[{"href":"http:\/\/www.tomolis.com\/anatomie\/index.php\/wp-json\/wp\/v2\/media?parent=567"}],"curies":[{"name":"wp","href":"https:\/\/api.w.org\/{rel}","templated":true}]}}