{"id":584,"date":"2016-12-01T01:45:45","date_gmt":"2016-12-01T00:45:45","guid":{"rendered":"http:\/\/www.tomolis.com\/anatomie\/?page_id=584"},"modified":"2016-12-01T01:45:45","modified_gmt":"2016-12-01T00:45:45","slug":"concours-pour-la-place-de-prosecteur-vacante-a-la-faculte-de-medecine-de-montpellier","status":"publish","type":"page","link":"http:\/\/www.tomolis.com\/anatomie\/index.php\/concours-pour-la-place-de-prosecteur-vacante-a-la-faculte-de-medecine-de-montpellier\/","title":{"rendered":"Concours pour la place de prosecteur vacante \u00e0 la facult\u00e9 de m\u00e9decine de Montpellier."},"content":{"rendered":"<p>Un concours sera ouvert le 6 septembre 1880 pour la place de prosecteur vacante facult\u00e9 de Montpellier.<br \/>\nLe concours se composera de quatre \u00e9preuves :<br \/>\nPr\u00e9paration anatomique susceptible d&rsquo;\u00eatre conserv\u00e9e, effectu\u00e9e conform\u00e9ment \u00e0 l&rsquo;indication du jury et dans un d\u00e9lai par lui d\u00e9termin\u00e9.<br \/>\nPr\u00e9sentation de la pr\u00e9paration anatomique susceptible d&rsquo;\u00eatre conserv\u00e9e.<br \/>\nPr\u00e9paration anatomique extemporan\u00e9e et description publique de cette pr\u00e9paration,<br \/>\nLe\u00e7on d&rsquo;une demi-heure faite apr\u00e8s trois heures de r\u00e9flexion \u00e0 huit clos sur le sujet anatomique, physiologique et pathologique.<br \/>\nLa dur\u00e9e des fonctions du prosecteur est de trois ann\u00e9es un traitement annuel de 1200 Francs est affect\u00e9 \u00e0 ses fonctions.<br \/>\nLe registre d&rsquo;inscription sera clos le 4 septembre 1880.<\/p>\n","protected":false},"excerpt":{"rendered":"<p>Un concours sera ouvert le 6 septembre 1880 pour la place de prosecteur vacante facult\u00e9 de Montpellier. Le concours se composera de quatre \u00e9preuves : Pr\u00e9paration anatomique susceptible d&rsquo;\u00eatre conserv\u00e9e, effectu\u00e9e conform\u00e9ment \u00e0 l&rsquo;indication du jury et dans un d\u00e9lai par lui d\u00e9termin\u00e9. Pr\u00e9sentation de la pr\u00e9paration anatomique susceptible d&rsquo;\u00eatre conserv\u00e9e. Pr\u00e9paration anatomique extemporan\u00e9e et [&hellip;]<\/p>\n","protected":false},"author":1,"featured_media":0,"parent":0,"menu_order":0,"comment_status":"closed","ping_status":"closed","template":"","meta":[],"_links":{"self":[{"href":"http:\/\/www.tomolis.com\/anatomie\/index.php\/wp-json\/wp\/v2\/pages\/584"}],"collection":[{"href":"http:\/\/www.tomolis.com\/anatomie\/index.php\/wp-json\/wp\/v2\/pages"}],"about":[{"href":"http:\/\/www.tomolis.com\/anatomie\/index.php\/wp-json\/wp\/v2\/types\/page"}],"author":[{"embeddable":true,"href":"http:\/\/www.tomolis.com\/anatomie\/index.php\/wp-json\/wp\/v2\/users\/1"}],"replies":[{"embeddable":true,"href":"http:\/\/www.tomolis.com\/anatomie\/index.php\/wp-json\/wp\/v2\/comments?post=584"}],"version-history":[{"count":1,"href":"http:\/\/www.tomolis.com\/anatomie\/index.php\/wp-json\/wp\/v2\/pages\/584\/revisions"}],"predecessor-version":[{"id":585,"href":"http:\/\/www.tomolis.com\/anatomie\/index.php\/wp-json\/wp\/v2\/pages\/584\/revisions\/585"}],"wp:attachment":[{"href":"http:\/\/www.tomolis.com\/anatomie\/index.php\/wp-json\/wp\/v2\/media?parent=584"}],"curies":[{"name":"wp","href":"https:\/\/api.w.org\/{rel}","templated":true}]}}